{"id":197,"date":"2018-05-15T23:31:47","date_gmt":"2018-05-15T21:31:47","guid":{"rendered":"http:\/\/kiwanisnc-sudouest.org\/?page_id=197"},"modified":"2018-05-16T05:36:46","modified_gmt":"2018-05-16T03:36:46","slug":"membres-fondateurs-du-kiwanis-sud-ouest","status":"publish","type":"page","link":"https:\/\/kiwanisnc-sudouest.org\/index.php\/notre-club-le-kso\/membres-fondateurs-du-kiwanis-sud-ouest\/","title":{"rendered":"Membres fondateurs du Kiwanis Sud Ouest"},"content":{"rendered":"<p>Les premiers membres du club ont \u00e9t\u00e9 :<img loading=\"lazy\" decoding=\"async\" class=\"wp-image-202 alignright\" src=\"https:\/\/kiwanisnc-sudouest.org\/wp-content\/uploads\/2018\/05\/declaration-kso-jonc-1-213x300.jpg\" alt=\"\" width=\"340\" height=\"478\" srcset=\"https:\/\/kiwanisnc-sudouest.org\/wp-content\/uploads\/2018\/05\/declaration-kso-jonc-1-213x300.jpg 213w, https:\/\/kiwanisnc-sudouest.org\/wp-content\/uploads\/2018\/05\/declaration-kso-jonc-1.jpg 672w\" sizes=\"(max-width: 340px) 100vw, 340px\" \/><\/p>\n<p>Pr\u00e9sident : Guy CHRISTY<\/p>\n<p>Vice Pr\u00e9sident : Robert KOLLEN<\/p>\n<p>Secratire: Jean Pierre ROYANEZ<\/p>\n<p>Tr\u00e9sorier : Yves MONNIER<\/p>\n<p>Membres: Georges GUERLAIN\u00a0 &#8211; D\u00e9sir\u00e9 ROSSARD &#8211; Raoul FOREST &#8211; Daniel MATHIEU &#8211; Robert PANE &#8211; Victor BASQUIN<\/p>\n<p>&nbsp;<\/p>\n<p>Et pour ceux qui ont de la m\u00e9moire, une photo prise en 1978 lors de la visite du Gouverneur n\u00e9o z\u00e9landais en suite de la remise de charte.<\/p>\n<div id=\"attachment_228\" style=\"width: 458px\" class=\"wp-caption alignnone\"><img loading=\"lazy\" decoding=\"async\" aria-describedby=\"caption-attachment-228\" class=\" wp-image-228\" src=\"https:\/\/kiwanisnc-sudouest.org\/wp-content\/uploads\/2018\/05\/photo-original-kso-300x224.jpg\" alt=\"\" width=\"448\" height=\"335\" srcset=\"https:\/\/kiwanisnc-sudouest.org\/wp-content\/uploads\/2018\/05\/photo-original-kso-300x224.jpg 300w, https:\/\/kiwanisnc-sudouest.org\/wp-content\/uploads\/2018\/05\/photo-original-kso-768x574.jpg 768w, https:\/\/kiwanisnc-sudouest.org\/wp-content\/uploads\/2018\/05\/photo-original-kso-1024x765.jpg 1024w\" sizes=\"(max-width: 448px) 100vw, 448px\" \/><p id=\"caption-attachment-228\" class=\"wp-caption-text\">Clud Kiwanis SUD OUEST 1978 1979<\/p><\/div>\n","protected":false},"excerpt":{"rendered":"<p>Les premiers membres du club ont \u00e9t\u00e9 : Pr\u00e9sident : Guy CHRISTY Vice Pr\u00e9sident : Robert KOLLEN Secratire: Jean Pierre ROYANEZ Tr\u00e9sorier : Yves MONNIER Membres: Georges GUERLAIN\u00a0 &#8211; D\u00e9sir\u00e9 ROSSARD &#8211; Raoul FOREST &#8211; Daniel MATHIEU &#8211; Robert PANE &#8211; Victor BASQUIN &nbsp; Et pour ceux qui ont de la m\u00e9moire, une photo prise [&hellip;]<\/p>\n","protected":false},"author":1,"featured_media":169,"parent":190,"menu_order":0,"comment_status":"closed","ping_status":"closed","template":"","meta":{"saved_in_kubio":false,"footnotes":""},"class_list":["post-197","page","type-page","status-publish","has-post-thumbnail","hentry"],"kubio_ai_page_context":{"short_desc":"","purpose":"general"},"jetpack_sharing_enabled":true,"colors":{"color":"b5a382","contrast":"0,0,0","custom":false},"_links":{"self":[{"href":"https:\/\/kiwanisnc-sudouest.org\/index.php\/wp-json\/wp\/v2\/pages\/197","targetHints":{"allow":["GET"]}}],"collection":[{"href":"https:\/\/kiwanisnc-sudouest.org\/index.php\/wp-json\/wp\/v2\/pages"}],"about":[{"href":"https:\/\/kiwanisnc-sudouest.org\/index.php\/wp-json\/wp\/v2\/types\/page"}],"author":[{"embeddable":true,"href":"https:\/\/kiwanisnc-sudouest.org\/index.php\/wp-json\/wp\/v2\/users\/1"}],"replies":[{"embeddable":true,"href":"https:\/\/kiwanisnc-sudouest.org\/index.php\/wp-json\/wp\/v2\/comments?post=197"}],"version-history":[{"count":6,"href":"https:\/\/kiwanisnc-sudouest.org\/index.php\/wp-json\/wp\/v2\/pages\/197\/revisions"}],"predecessor-version":[{"id":281,"href":"https:\/\/kiwanisnc-sudouest.org\/index.php\/wp-json\/wp\/v2\/pages\/197\/revisions\/281"}],"up":[{"embeddable":true,"href":"https:\/\/kiwanisnc-sudouest.org\/index.php\/wp-json\/wp\/v2\/pages\/190"}],"wp:featuredmedia":[{"embeddable":true,"href":"https:\/\/kiwanisnc-sudouest.org\/index.php\/wp-json\/wp\/v2\/media\/169"}],"wp:attachment":[{"href":"https:\/\/kiwanisnc-sudouest.org\/index.php\/wp-json\/wp\/v2\/media?parent=197"}],"curies":[{"name":"wp","href":"https:\/\/api.w.org\/{rel}","templated":true}]}}